8)?
3
Let v be 7 - (-4 + 2 - -1). Let o(g) = -v*g + g**2 + 47 - g - 33. What is the units digit of o(10)?
4
Suppose 0 = -3*f + o - 2*o + 701, 0 = 3*f - 2*o - 713. What is the hundreds digit of f?
2
Let s(o) = 3605*o**3 - 63*o + 64. What is the units digit of s(1)?
6
Let b(u) = u**3 + 3*u**2 - u + 5. Let n be b(0). Suppose 444 = 2*r + 5*h - 521, -n*r + 2447 = h. What is the units digit of r?
0
Suppose j + 13578 = 2*c, -3*j + 33945 = 53*c - 48*c. What is the units digit of c?
9
Suppose -3*y + 4*v + 594 = v, 3*y - 4*v - 592 = 0. Let t = y - 85. What is the tens digit of -3 + (t - ((0 - 0) + 1))?
1
Let j(n) = -n. Let l(d) = 8*d**2 + 7*d + 24. Let w(a) = 4*j(a) + l(a). Let h be -3 - ((-1)/(-2) + 1/2). What is the units digit of w(h)?
0
Suppose -7*j + 5*j = -102. Let n = -44 + 12. Let z = j + n. What is the units digit of z?
9
Let t = -162 + 134. Let z = t - -110. What is the tens digit of z?
8
Let m = -80 - -167. Suppose -5*n - m = z, -4*z = -6 - 6. What is the units digit of 56/40 - (n/(-10))/(-3)?
2
Let j(b) = -2*b**2 + 4*b - 4. Let a be j(1). What is the tens digit of 6/(-2 - -8) + (-1088)/a?
4
Let l(c) = -58*c**3 - 4*c**2 - 63*c - 19. What is the tens digit of l(-7)?
2
Let r(o) = 2*o**3 - 9*o**2 + 23*o + 256. What is the hundreds digit of r(12)?
6
Let y be (3/(-2))/(3/4). Let r(p) = 2*p**2 + 42*p - 600. Let d be r(-31). What is the units digit of (d/y)/5 + 14?
2
Let b(q) = -1900*q + 1868. What is the ten thousands digit of b(-15)?
3
Suppose -123353 = -88*u + 83*u - 2*g, -g - 74014 = -3*u. What is the ten thousands digit of u?
2
Let q = 215 - -451. What is the hundreds digit of q?
6
Suppose 0*u + u - 43 = 2*a, -5*u + 5*a + 210 = 0. Suppose 36*q = u*q - 525. What is the units digit of q?
5
Suppose z - 5*w = -2*z + 8039, 3*z = -w + 8033. What is the hundreds digit of z/8 - 1/(-4)?
3
Suppose 5*a = -7*a. Suppose a = -2*l - l. Suppose 6*g - 11*g + 160 = l. What is the units digit of g?
2
Suppose -3*m - 2 + 14 = 0. Let z(l) = 613*l + 17 - 16 - 606*l. What is the tens digit of z(m)?
2
Let t(o) = 62*o + 5. Let w(v) = 7*v - 5 + v**2 + v + v**2 + 5*v. Let r be w(-7). What is the tens digit of t(r)?
2
Let m(u) = -56*u**3 + 4*u**2 + 2*u + 7. Let x(l) = -l**3 + l**2 + 1. Let n(y) = m(y) - 4*x(y). What is the tens digit of n(-2)?
1
Let g be (-26)/(-12) + 36/(-216). Suppose 4*b - 3*i = 2841, -g*i = -5*b + 771 + 2775. What is the hundreds digit of b?
7
Suppose 0 = -17*j - 78 + 27. Let r(n) = -12*n**3 + 2*n**2 - 2*n + 4. What is the units digit of r(j)?
2
What is the units digit of 3/(-9) - ((-240)/(-450))/(2/(-144920))?
5
Suppose 22*q = 34*q - 360. What is the units digit of (-24)/(-180) + 29486/q?
3
Let d be (-12)/(-2) + (-5)/(-1) + -1087. Let v = 2375 + d. What is the tens digit of v?
9
Suppose 7 = -u + 5*l, 3*u + 4*l = 4*u + 5. Suppose 2*a - 4*q - 530 = 0, 2*a = -u*q + q + 518. What is the units digit of a?
1
Let z = -48 - -51. Let h be 78/((z + -1)/(1/1)). Suppose 5*p - 2*g - 144 = -4*g, p - h = 3*g. What is the tens digit of p?
3
What is the tens digit of (-13 - -116288)/25 + -4*(-1 - -2)?
4
Suppose -4*x - 2*i + 36624 = 0, -8*x + 7*x - 6*i = -9134. What is the hundreds digit of x?
1
What is the tens digit of 20095/55*-2*-11?
3
Let d = 18469 + -6688. What is the units digit of d?
1
What is the hundreds digit of -4*(-15 - (-204795)/(-30))?
3
Let p be (-2)/(-20) - (-624)/160. Suppose 4*g + j = 8 + 4, -16 = -p*j. What is the units digit of g?
2
Suppose 2*d + 5*v - 72077 = -d, d = 4*v + 24037. What is the hundreds digit of d?
0
Let j = -13949 - -21986. What is the tens digit of j?
3
Let v(r) = -8 + 513*r - 287*r + 456*r. What is the units digit of v(1)?
4
Suppose 10 - 4 = i. Let s(o) = o**3 - 8*o**2 + 20*o - 3. What is the tens digit of s(i)?
4
Suppose 0*y + 5*y - 33 = -2*g, -4*y + 28 = 2*g. What is the hundreds digit of -156*(y + 19/(-3))?
2
Let d(x) = x**2 - 121*x + 1289. What is the thousands digit of d(154)?
6
Let a be (-7 - -9)/(1/1). Suppose 0 = t - 14 - 8. Suppose 0 = -a*g + 206 + t. What is the tens digit of g?
1
Let h be -1 + 8244/10 - 42/105. Suppose -4*u + 7*u - 5*r - 811 = 0, 0 = 3*u - 2*r - h. What is the units digit of u?
7
Let v(t) = 135*t - 84. Suppose y + 3 = 0, 5*y = 3*g - g - 25. What is the hundreds digit of v(g)?
5
Suppose -l + 628 = -4*j, -j + 13 = 8. Let k = l + -309. What is the hundreds digit of k?
3
Let d be ((-88)/10)/(-1*(-6)/(-255)). Let c = d - 193. Let x = c + -21. What is the hundreds digit of x?
1
Suppose 3*x - 4*n = -10, n + n - 16 = -4*x. Suppose x*j + 2*j - 285 = -3*o, 0 = -5*o + 15. What is the units digit of j?
9
Let w(s) = 3*s**2 + 3*s + 262. What is the hundreds digit of w(-51)?
9
Suppose -2*b + 5*m + 1404 = 0, 0 = 3*b - m + 4*m - 2085. Let v be b - (-1)/(1/(-1)). Suppose -5*q = -13*q + v. What is the tens digit of q?
8
Suppose -2*m + 2*s = 0, 2*m + m - 4 = s. What is the tens digit of 3/(-9*(-1)/1248) + m?
1
What is the ten thousands digit of ((-30)/8 - 6/(-8))/(3/(-26445))?
2
Suppose 4*r = -36*r + 202400. What is the thousands digit of r?
5
Let h = 17076 - 6564. What is the hundreds digit of h?
5
Suppose 37 = 2*v - 3*a, 0 = v - a - 11 - 8. Let c be 24/(3*6/72). Let r = c - v. What is the units digit of r?
6
Suppose 93*i = -289180 + 966034. What is the hundreds digit of i?
2
Let j = 158 + -149. What is the units digit of (j - 6424/16)*-2?
5
Suppose 0 = -5*p + 2*s + 1453, s + 1163 = -2*p + 6*p. Suppose -3*v + 341 = 5*n - 1063, n - p = -4*v. What is the units digit of n?
9
Suppose 8*p - 10*p + 8 = 0. Suppose -4*o = -y + 618, -p*y + 4*o + 2131 = -353. What is the units digit of y?
2
Let c = 33174 + -17032. What is the ten thousands digit of c?
1
Suppose 7*y - 9299 = 5*y - 5*s, 3*y - 3*s - 13938 = 0. What is the thousands digit of y?
4
Let w be (-1)/5 - (44/20)/(-1). Suppose w*t = 3*v + 2, -2 - 4 = v + 2*t. What is the units digit of 91 - (v/(-1) + -4)?
3
Let a(y) = -2*y**3 + 5*y**2 + 3*y + 4. Let q be a(3). Suppose 4*k + 860 = q*c - 148, -2*c + 498 = -5*k. What is the tens digit of c?
5
Let y = -26868 - -51782. What is the tens digit of y?
1
Suppose z = -3*z + 2100. Let a = z + 199. What is the hundreds digit of a?
7
Suppose 119064 = -12*r + 23*r. Suppose 72*d + r = 83*d. What is the tens digit of d?
8
Suppose -4*i - 95782 = -2*l, 9*i + 239491 = 5*l + 8*i. What is the ten thousands digit of l?
4
Let x(t) = 2*t**3 - 18*t**2 + 19*t - 31. Let s be x(8). What is the hundreds digit of -556*s/((-21)/(-6))?
1
Suppose 0 = 4*g + 15 + 1. Let p be ((-78)/(-21) + g)*-7. Let i(m) = 71*m + 3. What is the units digit of i(p)?
5
What is the units digit of ((-1568454)/612)/(1/(-12))?
4
Suppose -u = -2*h + 537, -66 = -h - 5*u + 197. What is the units digit of h?
8
Let j be -51*20/15 + -2. Let r = 32 + -98. Let f = r - j. What is the units digit of f?
4
Let n(g) = -g**3 - 18*g**2 + 20*g + 15. Let s be n(-19). Let r(h) = -60*h - 38. What is the units digit of r(s)?
2
What is the thousands digit of (-18)/(15/(27270/(-4)))?
8
Suppose 5673*c - 5698*c = -330225. What is the units digit of c?
9
Suppose 5*x = -5*m, 3*x - 2 = 4*x. Suppose m*w = b + 10, 0 - 4 = -2*w. What is the units digit of (-1)/(-3) + (-226)/b?
8
Suppose -3*n = -5*v - 5234, -5*n = -3*n - 2*v - 3492. What is the hundreds digit of n?
7
Let t be 6/(-4) + (-570)/(-60). Suppose -15*w = t*w - 6670. What is the units digit of w?
0
Suppose 18*s + 101*s - 528955 = 0. What is the hundreds digit of s?
4
Let c(p) = 7290*p - 26. Let g be c(-1). What is the tens digit of (g/93)/(1/(-3))?
3
Let s be -6 - (6/30 + 8802/15). Suppose -3*h + a - 1260 = 0, 4*h = -h + 4*a - 2093. Let w = h - s. What is the hundreds digit of w?
1
Suppose 0 = -2*m - 3*f + 11, -m + 3*m + 2*f = 6. What is the hundreds digit of (-23 + 25)*(-339)/m?
3
Suppose -3*x - u = -266, -3 = -2*u - 5. Let i = -4870 - -5056. Let w = i - x. What is the units digit of w?
7
Suppose -24 - 11 = 7*f. Let q be (f + 30)/(-5) + 1. Let c(w) = -w**3 - 4*w**2 - 5*w - 5. What is the tens digit of c(q)?
1
Let k be -13250*(-3 + 55/25). Suppose -m = 9*m - k. What is the hundreds digit of m?
0
Let k = -224 - -226. Suppose -4*j = -k*n + 1138, 6*j + 2264 = 4*n + 10*j. What is the tens digit of n?
6
Let f(w) = -971*w - 2454. What is the units digit of f(-6)?
2
Suppose 1623 = 3*r - 2199. Suppose 0 = -3*z + 10*z - r. Suppose -c + 2*c - 88 = -i, -z = -2*